{"id":62733,"date":"2025-10-13T11:25:55","date_gmt":"2025-10-13T11:25:55","guid":{"rendered":"https:\/\/technopolis-group.com\/?post_type=report&#038;p=62733"},"modified":"2025-10-14T09:12:55","modified_gmt":"2025-10-14T09:12:55","slug":"sa-mobiliseras-privat-kapital-till-grona-uppskalningsbolag","status":"publish","type":"report","link":"https:\/\/technopolis-group.com\/sv\/report\/sa-mobiliseras-privat-kapital-till-grona-uppskalningsbolag\/","title":{"rendered":"S\u00e5 mobiliseras privat kapital till gr\u00f6na uppskalningsbolag"},"content":{"rendered":"\n<h2 class=\"wp-block-heading\">Sverige har ett betydande uppskalningsgap<\/h2>\n\n\n\n<p>EU:s ekonomi k\u00e4nnetecknas av ett betydande uppskalningsgap, det vill s\u00e4ga skillnaden mellan hur m\u00e5nga startups som etableras och hur m\u00e5nga som lyckas v\u00e4xa till globala scaleups. Trots att EU varje \u00e5r f\u00e5r n\u00e4stan lika m\u00e5nga nya f\u00f6retag som USA, attraherar europeiska scaleups i genomsnitt bara h\u00e4lften s\u00e5 mycket kapital som sina amerikanska motsvarigheter tio \u00e5r efter grundandet. Deras aff\u00e4rsvolymer \u00e4r ocks\u00e5 l\u00e4gre, och EU har endast 10\u201315 procent s\u00e5 m\u00e5nga bolag i de h\u00f6gsta v\u00e4rderingsintervallen. Denna begr\u00e4nsade f\u00f6rm\u00e5ga att skala upp beror p\u00e5 fragmenterade kapitalmarknader, brist p\u00e5 tillv\u00e4xtkapital och en otillr\u00e4cklig finansiell infrastruktur f\u00f6r f\u00f6retag i expansionsfasen. <\/p>\n\n\n\n<p>Scaleups beh\u00f6ver ofta en kombination av eget kapital, l\u00e5n och hybridinstrument, men det europeiska ekosystemet \u00e4r inte tillr\u00e4ckligt utvecklat f\u00f6r att m\u00f6ta dessa behov. Ett undantag finns inom gr\u00f6na uppskalningsbolag, d\u00e4r gapet \u00e4r mindre tack vare tydliga m\u00e5l, offentliga investeringar och politiskt st\u00f6d. N\u00e4stan h\u00e4lften av Europas snabbv\u00e4xande gr\u00f6na teknikf\u00f6retag fick offentlig finansiering 2023, j\u00e4mf\u00f6rt med drygt en fj\u00e4rdedel i USA, vilket visar att politiska satsningar kan g\u00f6ra skillnad. <\/p>\n\n\n\n<p>Sverige har en god kapitaltillg\u00e5ng i relation till landets storlek, men \u00e4ven h\u00e4r \u00e4r uppskalningsgapet tydligt. Svenska scaleups n\u00e5r i genomsnitt endast drygt 40 procent av det kapital som motsvarande f\u00f6retag i San Francisco har attraherat efter tio \u00e5r. Det inneb\u00e4r att svenska f\u00f6retag, trots goda f\u00f6ruts\u00e4ttningar, ofta st\u00f6ter p\u00e5 hinder i expansionsfasen och riskerar att s\u00f6ka kapital utanf\u00f6r Europa. F\u00f6r att minska gapet beh\u00f6vs l\u00f6sningar som mobiliserar mer privat kapital, samt en diskussion om vilken roll staten kan och b\u00f6r spela. <\/p>\n\n\n\n<p>Som underlag f\u00f6r en s\u00e5dan diskussion har insikter fr\u00e5n sex andra l\u00e4nder samlats in och analyserats. Totalt omfattar studien fjorton offentliga instrument i Danmark, Estland, Nederl\u00e4nderna, Frankrike, Kanada och Storbritannien. L\u00e4nderna valdes ut eftersom de lyckats attrahera stora volymer tillv\u00e4xtkapital, och instrumenten eftersom de syftar till att st\u00e4rka tillg\u00e5ngen till riskvillig och l\u00e5ngsiktig privat finansiering f\u00f6r gr\u00f6na uppskalningsbolag inom industrin. <\/p>\n\n\n\n<h2 class=\"wp-block-heading\">L\u00e4rdomar fr\u00e5n andra l\u00e4nder <\/h2>\n\n\n\n<p>Analysen av de utvalda instrumenten visar att andra l\u00e4nders satsningar i h\u00f6g grad utformats f\u00f6r att hantera marknadsmisslyckanden. H\u00f6ga kapitalkostnader, teknologisk risk, l\u00e5ng \u00e5terbetalningstid och fragmenterade marknader lyfts fram som centrala hinder, s\u00e4rskilt f\u00f6r gr\u00f6na tekniker och strategiska industrisektorer. Instrumenten syftar fr\u00e4mst till att mobilisera privat kapital, dela risker, st\u00e4rka industriell kapacitet och skapa jobb.<\/p>\n","protected":false},"template":"","solution":[],"sector":[],"class_list":["post-62733","report","type-report","status-publish","hentry"],"acf":[],"yoast_head":"<!-- This site is optimized with the Yoast SEO plugin v27.1.1 - https:\/\/yoast.com\/product\/yoast-seo-wordpress\/ -->\n<title>S\u00e5 mobiliseras privat kapital till gr\u00f6na uppskalningsbolag - Technopolis Group<\/title>\n<meta name=\"robots\" content=\"index, follow, max-snippet:-1, max-image-preview:large, max-video-preview:-1\" \/>\n<link rel=\"canonical\" href=\"https:\/\/technopolis-group.com\/sv\/report\/sa-mobiliseras-privat-kapital-till-grona-uppskalningsbolag\/\" \/>\n<meta property=\"og:locale\" content=\"sv_SE\" \/>\n<meta property=\"og:type\" content=\"article\" \/>\n<meta property=\"og:title\" content=\"S\u00e5 mobiliseras privat kapital till gr\u00f6na uppskalningsbolag - Technopolis Group\" \/>\n<meta property=\"og:description\" content=\"Sverige har ett betydande uppskalningsgap EU:s ekonomi k\u00e4nnetecknas av ett [&hellip;]\" \/>\n<meta property=\"og:url\" content=\"https:\/\/technopolis-group.com\/sv\/report\/sa-mobiliseras-privat-kapital-till-grona-uppskalningsbolag\/\" \/>\n<meta property=\"og:site_name\" content=\"Technopolis Group\" \/>\n<meta property=\"article:modified_time\" content=\"2025-10-14T09:12:55+00:00\" \/>\n<meta name=\"twitter:card\" content=\"summary_large_image\" \/>\n<meta name=\"twitter:label1\" content=\"Ber\u00e4knad l\u00e4stid\" \/>\n\t<meta name=\"twitter:data1\" content=\"2 minuter\" \/>\n<script type=\"application\/ld+json\" class=\"yoast-schema-graph\">{\"@context\":\"https:\/\/schema.org\",\"@graph\":[{\"@type\":\"WebPage\",\"@id\":\"https:\/\/technopolis-group.com\/sv\/report\/sa-mobiliseras-privat-kapital-till-grona-uppskalningsbolag\/\",\"url\":\"https:\/\/technopolis-group.com\/sv\/report\/sa-mobiliseras-privat-kapital-till-grona-uppskalningsbolag\/\",\"name\":\"S\u00e5 mobiliseras privat kapital till gr\u00f6na uppskalningsbolag - Technopolis Group\",\"isPartOf\":{\"@id\":\"https:\/\/technopolis-group.com\/nl\/#website\"},\"datePublished\":\"2025-10-13T11:25:55+00:00\",\"dateModified\":\"2025-10-14T09:12:55+00:00\",\"breadcrumb\":{\"@id\":\"https:\/\/technopolis-group.com\/sv\/report\/sa-mobiliseras-privat-kapital-till-grona-uppskalningsbolag\/#breadcrumb\"},\"inLanguage\":\"sv-SE\",\"potentialAction\":[{\"@type\":\"ReadAction\",\"target\":[\"https:\/\/technopolis-group.com\/sv\/report\/sa-mobiliseras-privat-kapital-till-grona-uppskalningsbolag\/\"]}]},{\"@type\":\"BreadcrumbList\",\"@id\":\"https:\/\/technopolis-group.com\/sv\/report\/sa-mobiliseras-privat-kapital-till-grona-uppskalningsbolag\/#breadcrumb\",\"itemListElement\":[{\"@type\":\"ListItem\",\"position\":1,\"name\":\"Home\",\"item\":\"https:\/\/technopolis-group.com\/sv\/\"},{\"@type\":\"ListItem\",\"position\":2,\"name\":\"Reports\",\"item\":\"https:\/\/technopolis-group.com\/de\/report\/\"},{\"@type\":\"ListItem\",\"position\":3,\"name\":\"S\u00e5 mobiliseras privat kapital till gr\u00f6na uppskalningsbolag\"}]},{\"@type\":\"WebSite\",\"@id\":\"https:\/\/technopolis-group.com\/nl\/#website\",\"url\":\"https:\/\/technopolis-group.com\/nl\/\",\"name\":\"Technopolis Group\",\"description\":\"Technopolis-group\",\"potentialAction\":[{\"@type\":\"SearchAction\",\"target\":{\"@type\":\"EntryPoint\",\"urlTemplate\":\"https:\/\/technopolis-group.com\/nl\/?s={search_term_string}\"},\"query-input\":{\"@type\":\"PropertyValueSpecification\",\"valueRequired\":true,\"valueName\":\"search_term_string\"}}],\"inLanguage\":\"sv-SE\"}]}<\/script>\n<!-- \/ Yoast SEO plugin. -->","yoast_head_json":{"title":"S\u00e5 mobiliseras privat kapital till gr\u00f6na uppskalningsbolag - Technopolis Group","robots":{"index":"index","follow":"follow","max-snippet":"max-snippet:-1","max-image-preview":"max-image-preview:large","max-video-preview":"max-video-preview:-1"},"canonical":"https:\/\/technopolis-group.com\/sv\/report\/sa-mobiliseras-privat-kapital-till-grona-uppskalningsbolag\/","og_locale":"sv_SE","og_type":"article","og_title":"S\u00e5 mobiliseras privat kapital till gr\u00f6na uppskalningsbolag - Technopolis Group","og_description":"Sverige har ett betydande uppskalningsgap EU:s ekonomi k\u00e4nnetecknas av ett [&hellip;]","og_url":"https:\/\/technopolis-group.com\/sv\/report\/sa-mobiliseras-privat-kapital-till-grona-uppskalningsbolag\/","og_site_name":"Technopolis Group","article_modified_time":"2025-10-14T09:12:55+00:00","twitter_card":"summary_large_image","twitter_misc":{"Ber\u00e4knad l\u00e4stid":"2 minuter"},"schema":{"@context":"https:\/\/schema.org","@graph":[{"@type":"WebPage","@id":"https:\/\/technopolis-group.com\/sv\/report\/sa-mobiliseras-privat-kapital-till-grona-uppskalningsbolag\/","url":"https:\/\/technopolis-group.com\/sv\/report\/sa-mobiliseras-privat-kapital-till-grona-uppskalningsbolag\/","name":"S\u00e5 mobiliseras privat kapital till gr\u00f6na uppskalningsbolag - Technopolis Group","isPartOf":{"@id":"https:\/\/technopolis-group.com\/nl\/#website"},"datePublished":"2025-10-13T11:25:55+00:00","dateModified":"2025-10-14T09:12:55+00:00","breadcrumb":{"@id":"https:\/\/technopolis-group.com\/sv\/report\/sa-mobiliseras-privat-kapital-till-grona-uppskalningsbolag\/#breadcrumb"},"inLanguage":"sv-SE","potentialAction":[{"@type":"ReadAction","target":["https:\/\/technopolis-group.com\/sv\/report\/sa-mobiliseras-privat-kapital-till-grona-uppskalningsbolag\/"]}]},{"@type":"BreadcrumbList","@id":"https:\/\/technopolis-group.com\/sv\/report\/sa-mobiliseras-privat-kapital-till-grona-uppskalningsbolag\/#breadcrumb","itemListElement":[{"@type":"ListItem","position":1,"name":"Home","item":"https:\/\/technopolis-group.com\/sv\/"},{"@type":"ListItem","position":2,"name":"Reports","item":"https:\/\/technopolis-group.com\/de\/report\/"},{"@type":"ListItem","position":3,"name":"S\u00e5 mobiliseras privat kapital till gr\u00f6na uppskalningsbolag"}]},{"@type":"WebSite","@id":"https:\/\/technopolis-group.com\/nl\/#website","url":"https:\/\/technopolis-group.com\/nl\/","name":"Technopolis Group","description":"Technopolis-group","potentialAction":[{"@type":"SearchAction","target":{"@type":"EntryPoint","urlTemplate":"https:\/\/technopolis-group.com\/nl\/?s={search_term_string}"},"query-input":{"@type":"PropertyValueSpecification","valueRequired":true,"valueName":"search_term_string"}}],"inLanguage":"sv-SE"}]}},"publishpress_future_workflow_manual_trigger":{"enabledWorkflows":[]},"_links":{"self":[{"href":"https:\/\/technopolis-group.com\/sv\/wp-json\/wp\/v2\/report\/62733","targetHints":{"allow":["GET"]}}],"collection":[{"href":"https:\/\/technopolis-group.com\/sv\/wp-json\/wp\/v2\/report"}],"about":[{"href":"https:\/\/technopolis-group.com\/sv\/wp-json\/wp\/v2\/types\/report"}],"wp:attachment":[{"href":"https:\/\/technopolis-group.com\/sv\/wp-json\/wp\/v2\/media?parent=62733"}],"wp:term":[{"taxonomy":"solution","embeddable":true,"href":"https:\/\/technopolis-group.com\/sv\/wp-json\/wp\/v2\/solution?post=62733"},{"taxonomy":"sector","embeddable":true,"href":"https:\/\/technopolis-group.com\/sv\/wp-json\/wp\/v2\/sector?post=62733"}],"curies":[{"name":"wp","href":"https:\/\/api.w.org\/{rel}","templated":true}]}}

Så mobiliseras privat kapital till gröna uppskalningsbolag

<h2 class="wp-block-heading">Sverige har ett betydande uppskalningsgap</h2>



<p>EU:s ekonomi kännetecknas av ett betydande uppskalningsgap, det vill säga skillnaden mellan hur många startups som etableras och hur många som lyckas växa till globala scaleups. Trots att EU varje år får nästan lika många nya företag som USA, attraherar europeiska scaleups i genomsnitt bara hälften så mycket kapital som sina amerikanska motsvarigheter tio år efter grundandet. Deras affärsvolymer är också lägre, och EU har endast 10–15 procent så många bolag i de högsta värderingsintervallen. Denna begränsade förmåga att skala upp beror på fragmenterade kapitalmarknader, brist på tillväxtkapital och en otillräcklig finansiell infrastruktur för företag i expansionsfasen. </p>



<p>Scaleups behöver ofta en kombination av eget kapital, lån och hybridinstrument, men det europeiska ekosystemet är inte tillräckligt utvecklat för att möta dessa behov. Ett undantag finns inom gröna uppskalningsbolag, där gapet är mindre tack vare tydliga mål, offentliga investeringar och politiskt stöd. Nästan hälften av Europas snabbväxande gröna teknikföretag fick offentlig finansiering 2023, jämfört med drygt en fjärdedel i USA, vilket visar att politiska satsningar kan göra skillnad. </p>



<p>Sverige har en god kapitaltillgång i relation till landets storlek, men även här är uppskalningsgapet tydligt. Svenska scaleups når i genomsnitt endast drygt 40 procent av det kapital som motsvarande företag i San Francisco har attraherat efter tio år. Det innebär att svenska företag, trots goda förutsättningar, ofta stöter på hinder i expansionsfasen och riskerar att söka kapital utanför Europa. För att minska gapet behövs lösningar som mobiliserar mer privat kapital, samt en diskussion om vilken roll staten kan och bör spela. </p>



<p>Som underlag för en sådan diskussion har insikter från sex andra länder samlats in och analyserats. Totalt omfattar studien fjorton offentliga instrument i Danmark, Estland, Nederländerna, Frankrike, Kanada och Storbritannien. Länderna valdes ut eftersom de lyckats attrahera stora volymer tillväxtkapital, och instrumenten eftersom de syftar till att stärka tillgången till riskvillig och långsiktig privat finansiering för gröna uppskalningsbolag inom industrin. </p>



<h2 class="wp-block-heading">Lärdomar från andra länder </h2>



<p>Analysen av de utvalda instrumenten visar att andra länders satsningar i hög grad utformats för att hantera marknadsmisslyckanden. Höga kapitalkostnader, teknologisk risk, lång återbetalningstid och fragmenterade marknader lyfts fram som centrala hinder, särskilt för gröna tekniker och strategiska industrisektorer. Instrumenten syftar främst till att mobilisera privat kapital, dela risker, stärka industriell kapacitet och skapa jobb.</p>

<!-- This site is optimized with the Yoast SEO plugin v27.1.1 - https://yoast.com/product/yoast-seo-wordpress/ -->
<title>Så mobiliseras privat kapital till gröna uppskalningsbolag - Technopolis Group</title>
<meta name="robots" content="index, follow, max-snippet:-1, max-image-preview:large, max-video-preview:-1" />
<link rel="canonical" href="https://technopolis-group.com/sv/report/sa-mobiliseras-privat-kapital-till-grona-uppskalningsbolag/" />
<meta property="og:locale" content="sv_SE" />
<meta property="og:type" content="article" />
<meta property="og:title" content="Så mobiliseras privat kapital till gröna uppskalningsbolag - Technopolis Group" />
<meta property="og:description" content="Sverige har ett betydande uppskalningsgap EU:s ekonomi kännetecknas av ett [&hellip;]" />
<meta property="og:url" content="https://technopolis-group.com/sv/report/sa-mobiliseras-privat-kapital-till-grona-uppskalningsbolag/" />
<meta property="og:site_name" content="Technopolis Group" />
<meta property="article:modified_time" content="2025-10-14T09:12:55+00:00" />
<meta name="twitter:card" content="summary_large_image" />
<meta name="twitter:label1" content="Beräknad lästid" />
	<meta name="twitter:data1" content="2 minuter" />
<script type="application/ld+json" class="yoast-schema-graph">{"@context":"https://schema.org","@graph":[{"@type":"WebPage","@id":"https://technopolis-group.com/sv/report/sa-mobiliseras-privat-kapital-till-grona-uppskalningsbolag/","url":"https://technopolis-group.com/sv/report/sa-mobiliseras-privat-kapital-till-grona-uppskalningsbolag/","name":"Så mobiliseras privat kapital till gröna uppskalningsbolag - Technopolis Group","isPartOf":{"@id":"https://technopolis-group.com/nl/#website"},"datePublished":"2025-10-13T11:25:55+00:00","dateModified":"2025-10-14T09:12:55+00:00","breadcrumb":{"@id":"https://technopolis-group.com/sv/report/sa-mobiliseras-privat-kapital-till-grona-uppskalningsbolag/#breadcrumb"},"inLanguage":"sv-SE","potentialAction":[{"@type":"ReadAction","target":["https://technopolis-group.com/sv/report/sa-mobiliseras-privat-kapital-till-grona-uppskalningsbolag/"]}]},{"@type":"BreadcrumbList","@id":"https://technopolis-group.com/sv/report/sa-mobiliseras-privat-kapital-till-grona-uppskalningsbolag/#breadcrumb","itemListElement":[{"@type":"ListItem","position":1,"name":"Home","item":"https://technopolis-group.com/sv/"},{"@type":"ListItem","position":2,"name":"Reports","item":"https://technopolis-group.com/de/report/"},{"@type":"ListItem","position":3,"name":"Så mobiliseras privat kapital till gröna uppskalningsbolag"}]},{"@type":"WebSite","@id":"https://technopolis-group.com/nl/#website","url":"https://technopolis-group.com/nl/","name":"Technopolis Group","description":"Technopolis-group","potentialAction":[{"@type":"SearchAction","target":{"@type":"EntryPoint","urlTemplate":"https://technopolis-group.com/nl/?s={search_term_string}"},"query-input":{"@type":"PropertyValueSpecification","valueRequired":true,"valueName":"search_term_string"}}],"inLanguage":"sv-SE"}]}</script>
<!-- / Yoast SEO plugin. -->

Så mobiliseras privat kapital till gröna uppskalningsbolag - Technopolis Group

Sverige har ett betydande uppskalningsgap EU:s ekonomi kännetecknas av ett [&hellip;]
